72. What is the units digit of 4/t + (-322)/(-9)?
6
Let f(s) = -3*s + 19. Let o(l) = l - 9. Let a(h) = 2*f(h) + 5*o(h). Let m be a(5). What is the units digit of ((-16)/m*39)/2?
6
What is the units digit of ((-1)/(-2))/((-4)/(158112/79050) + 2)?
4
Let i(l) = 26*l - 16*l**2 + 51 + l**3 - 47 + 2*l**3. What is the units digit of i(6)?
2
Let d = -6826 - -9248. What is the tens digit of d?
2
Suppose 2*h - 450 = -h. Let j = h + 119. What is the tens digit of j?
6
Let h be (76/(-14))/(76/(-266)). Let r(q) = 28*q - 2. Let s be r(2). Let w = h + s. What is the units digit of w?
3
Let r(p) = 111*p**3 + 7*p**2 + 17*p - 120. What is the thousands digit of r(5)?
4
Let p(a) = -a**3 - 3*a + 256. Let h be p(0). Let d = h - -8. What is the units digit of d?
4
Let t = 53 + -57. Let i(s) = -2*s + 2. Let x be i(8). What is the tens digit of 26/t*(x + 2)?
7
Suppose -2*j - 1566 = -3*g, 0 = 2*g - 10*j + 14*j - 1044. Suppose 4*x - k - 2108 = -3*k, 2*k + g = x. What is the tens digit of x?
2
Let b be (4 - 2) + -1 + 3. Suppose 0 = 2*t + b - 62. Let l = 75 - t. What is the tens digit of l?
4
Suppose 4103 + 1542 + 1295 = 20*w. What is the hundreds digit of w?
3
Let l = -9 - -5. Let c be (-6 - 0 - l)*-61. Let d = 221 - c. What is the units digit of d?
9
Suppose -4*h - 8 = -3*s, 3*h - 4*s + 3 = -3. What is the units digit of (1127/h)/(-7)*2?
1
Let u(b) = 11*b**2 + 4*b - 14. Let r be u(3). Suppose r*q + 101 = 98*q. What is the units digit of q?
1
Suppose -27*l - 11619 = -18*l. Let i = l + 1964. What is the tens digit of i?
7
Let s(m) = -15*m**2 + 1. Let a be s(1). Let k be (-147)/(-14)*(-120)/a. What is the units digit of (16/(-5))/((-12)/k)?
4
Let h be ((-3)/1)/((-27)/(-90)). Let m be 1/((h/(-35))/2). Suppose m*p - 35 = 973. What is the hundreds digit of p?
1
Suppose -8*c + 177098 = 5*t, -35419 = -t - 4*c + 3*c. What is the units digit of t?
8
Let a(n) be the first derivative of n**3/3 + 53*n**2/2 + 1507*n + 233. What is the hundreds digit of a(0)?
5
Suppose -2*m + 33 = 5*f + 19, 4*f - 18 = -5*m. What is the units digit of f + -2 + 1280/10?
8
Suppose -5*i - 833*h + 832*h - 34 = 0, -3*i + 4*h - 48 = 0. Let j(u) = -170*u**2 + u + 1. Let n be j(-1). What is the units digit of (i + 7)/(2/n)?
5
Let q = -21001 - -37335. What is the thousands digit of q?
6
Let p be 114/95*((2 - 1) + 384). Suppose p = 225*l - 219*l. What is the units digit of l?
7
Let j be 22/(-55) + 2/5. Suppose -2*n + 4*n - 6 = j. Suppose 4*m - 2*y - 25 = 55, n*y = -m + 13. What is the units digit of m?
9
Let z(j) = j**3 + 8*j**2 - 20*j - 6. Let p be z(-9). Let v = 100 - p. Suppose -v*w + 306 - 33 = 0. What is the units digit of w?
9
Let c = -91 - -44. Let j = c - -49. Suppose 5*t - 139 = -q, 3*q + j*t - 787 = -2*q. What is the units digit of q?
9
Let h(k) be the second derivative of 7*k**3/6 + 21*k**2 + k. Let m be h(22). Let q = m + -118. What is the units digit of q?
8
Suppose 4*w - w + 7 = -5*d, 4*d + 44 = 4*w. Suppose 5*l - 1830 = -w*s + 3*s, 5*l - 3050 = -5*s. What is the units digit of s?
0
Suppose -5*w = -n + 203, 2*w + 0*w = -4. Let i = 353 - n. What is the hundreds digit of i?
1
Suppose 4*g - l = 2*l + 20, 18 = -g - 5*l. Suppose -g*j - 12 = 4*y, -2*j - 3*y = 7 + 2. Suppose j = 10*u - 4*u - 462. What is the units digit of u?
7
Let n be (50900/15)/10 - 4/(-6). Let z = -113 + n. What is the hundreds digit of z?
2
Let p(n) = n**3 + 17*n**2 - n - 16. Let u be p(-17). Let m(y) = -49*y**2 + 79*y**2 + 86*y**2 - 2*y. What is the units digit of m(u)?
4
Suppose 42455 = 5*s - r, -4*s - r - 10466 + 44439 = 0. What is the units digit of s?
2
Suppose 3*k = 3, -3*y + y + 184 = -4*k. Let u = -95 - -103. Suppose 10*h - y = u*h. What is the units digit of h?
7
Suppose -3*j = -g - 20 + 39, 3*j + 23 = 2*g. What is the tens digit of 6 - -718 - (-20)/j?
2
Suppose 0 = -5*s - 2*o - 2550, -5*o - 1697 + 186 = 3*s. Let t = s + 816. What is the hundreds digit of t?
3
Suppose -7760 = 2*v - 7*v + 3*p, 20 = -4*p. What is the tens digit of v?
4
Let w(b) = 8737*b + 62. What is the hundreds digit of w(3)?
2
Let o(w) = 60*w**2 + w**3 - 121*w**2 + 60*w**2 - w. Let m(g) = -5*g**3 + 7*g**2 + 2*g - 6. Let k(j) = m(j) + 4*o(j). What is the tens digit of k(-4)?
1
Let o(h) = 110*h**2 + 2*h + 28. What is the thousands digit of o(-6)?
3
Let w(n) = 15*n**3 + 2*n**2 - 14*n + 29. Let y be (4/3)/(8/12 + 0). What is the units digit of w(y)?
9
Suppose -4*f + r = 107, -9 = 2*f + 5*r + 28. Let g = -98 - f. Let s = 269 + g. What is the units digit of s?
7
What is the tens digit of 30*(-3)/(-4)*(-73640)/(-60)?
1
Let v = -179 - -124. Let f = 128 + v. What is the tens digit of f?
7
Let h(k) be the third derivative of 511*k**4/12 + 5*k**3/6 + 74*k**2. What is the thousands digit of h(1)?
1
Let g(d) = -d - 1. Let k(v) = 141*v + 58. Let r(m) = g(m) + k(m). What is the hundreds digit of r(6)?
8
Let m = 36 - 34. Suppose 3*a - m = 2*k, 2*k + 4*a - 11 = 1. Suppose -55 + 353 = 2*z - k*x, -x = 4. What is the hundreds digit of z?
1
Let y(r) = 112*r**2 + 456*r - 2. What is the tens digit of y(6)?
6
Suppose 259*k - 262880 = 219*k. What is the units digit of k?
2
Let t = -5346 + 11178. What is the thousands digit of t?
5
Suppose 2 = -5*h - 8. Let c be 0*(h + -1)/6 - -4. What is the units digit of -9*c/(-12) + 125?
8
Let m(j) = 4*j - 3. Suppose 0*c + 8 = s + c, s = 2*c - 1. Suppose -17 = -4*p + a, 5*a + 15 = s*p + 5. What is the tens digit of m(p)?
1
Let c(f) = 2*f**3 - 7*f**2 + 43*f - 131. What is the tens digit of c(14)?
8
Let w(o) = -2*o**3 + 9*o**2 - 11*o. Let g be w(3). Suppose -y + 4 = y. What is the units digit of 25 - ((-8)/(-8))/(y/g)?
8
Suppose -3*k + 2*v - 1405 = 0, -218 + 2088 = -4*k + v. Let h = 995 + k. What is the tens digit of h?
2
Suppose 7*t + 3 = 31. Suppose 4*q + 70 + 65 = -3*b, t*q - 4*b + 100 = 0. What is the hundreds digit of 144 - (q/(-2))/(-5)?
1
Suppose 2*i = -w + 4*w + 15, 3*i + 15 = -3*w. Suppose 173 = 4*y + 5*t, -5*t + 11 + 14 = i. Let o = -32 + y. What is the units digit of o?
5
What is the thousands digit of 3/(-9) - ((-20289720)/36)/19?
9
Let n(g) be the third derivative of 2*g**4 + 45*g**3/2 - 89*g**2. What is the tens digit of n(6)?
2
Suppose -6*c = 20 + 4. Let j = c - -21. Suppose 248 - j = 11*g. What is the units digit of g?
1
Suppose 7*c - 4*c - 648 = 0. Let f = c + 565. What is the tens digit of f?
8
Let o(r) = 4*r**3 - 25*r**2 + 49*r - 246. What is the tens digit of o(11)?
9
Suppose 15*g - 13*g = -v + 6070, -3*v = 2*g - 18218. What is the tens digit of v?
7
Let r = -20940 + 54105. What is the ten thousands digit of r?
3
Let z = 120090 + -61272. What is the thousands digit of z?
8
What is the tens digit of (-19)/21 - (-36)/(-378) - -44506?
0
Let o(j) = 275*j**3 + 3*j**2 - j - 2. Let h be o(-1). Let t = 1147 - h. What is the hundreds digit of t?
4
What is the tens digit of (20/((-480)/(-14796)))/(3/18)?
9
Let a = -4065 - -9964. What is the hundreds digit of a?
8
Suppose 3*x = -2*x + 15. Let q(s) = s**x + 6*s + 8*s**2 - 14 - 9*s - 3. What is the units digit of q(-7)?
3
Let w be (-11 - -11)/(-2 - 1) + 41. Suppose 5819 = w*a - 2832. What is the hundreds digit of a?
2
Let h = -57 + 60. Let p(q) = -9*q + 63. Let m(l) = 4*l - 32. Let v(f) = h*p(f) + 5*m(f). What is the units digit of v(-7)?
8
Let w(c) = -201*c**3 - 27*c**2 - 88*c - 7. What is the thousands digit of w(-3)?
5
Let x(y) = 3*y**3 + 309*y**2 - 134*y - 27. What is the units digit of x(-103)?
5
Let p be (-3)/((-60)/8)*10. Suppose 0 = -z + 2*z - 3*w - 284, -z = p*w - 277. What is the hundreds digit of z?
2
Suppose 0*z + 1459 = 3*z - w, 3*z - 2*w - 1463 = 0. Let l be 104/(-52) + (-1 - -762). Let o = l - z. What is the tens digit of o?
7
Suppose 0 = 5*c + 2*a - 29350, -4*c - 5*a + 17610 = -c. What is the units digit of c?
0
Let q(v) be the third derivative of v**5/60 + 7*v**4/24 + 28*v**3/3 + 122*v**2 + 13*v. Let d be (1 + -2)/((-2)/(-12)). What is the tens digit of q(d)?
5
Suppose -6*n + 2*n + 5*a - 199 = 0, 0 = -4*n + 2*a - 190. Let c = n + 53. Suppose -12*z + c*z + 375 = 0. What is the tens digit of z?
7
Let s = 4 - -2. What is the tens digit of (1494/(-27))/((-1)/s)?
3
Let b(w) = 28*w**2 - 52*w - 1643. What is the tens digit of b(-26)?
3
What is the thousands digit of ((-2)/(-16))/(-32*(-34)/381087232)?
3
Suppose 0 = -11*n + 14*n + 18. Let l(q) = -125*q - 27. Let r be l(n). Su